 v(6).
79
Let q(m) = -m**3 - 583*m**2 - 2347*m - 17924. Give q(-579).
25
Let i(n) = 12907*n - 50270. Give i(4).
1358
Let m(u) = 105*u**3 + 21*u**2 - 7*u + 18. Determine m(-3).
-2607
Let k(b) = -7139*b - 235580. Give k(-33).
7
Let y(m) = 8*m**2 - 328*m + 133. Calculate y(43).
821
Let m(r) = -1000*r - 54004. Determine m(-54).
-4
Let f(y) = -422*y + 16456. Calculate f(41).
-846
Let z(q) = -9*q**3 - 729*q**2 - 6*q + 162. Calculate z(-81).
648
Let a(h) = -217*h - 19121. Determine a(-89).
192
Let m(h) = 3*h**2 - 42553*h - 298009. Determine m(-7).
9
Let x(w) = -275*w**2 - 2500*w + 95. Calculate x(-9).
320
Let g(n) = 81*n**2 + 488*n + 46. Give g(-6).
34
Let n(f) = 37*f**2 - 5956*f + 39731. Give n(154).
-1
Let p(a) = a**3 + 95*a**2 - 758*a + 301. Give p(7).
-7
Let f(k) = 500*k - 12000. Determine f(25).
500
Let t(g) = 129564*g - 7903392. Determine t(61).
12
Let o(w) = w**3 - 60*w**2 - 111*w - 1470. What is o(62)?
-664
Let v(i) = -13*i**3 - 16*i**2 + 8. Determine v(-2).
48
Let u(w) = -w**3 + 224*w**2 + 466*w - 3122. Calculate u(226).
42
Let u(l) = l**2 + 51315*l - 770028. Give u(15).
-78
Let t(i) = 2*i**3 + 75*i**2 + 504*i + 1648. Give t(-30).
28
Let d(c) = 2*c**3 + 2299*c**2 + 27302*c + 19. Give d(-12).
-5
Let f(k) = -k**2 - 4169*k - 4287305. Give f(-2325).
-5
Let g(b) = -33*b**3 + 55*b**2 + 77*b - 2. Calculate g(-1).
9
Let j(m) = -m**2 - 152427*m + 2134187. Give j(14).
13
Let x(p) = -5106*p - 189046. Calculate x(-37).
-124
Let n(v) = v**3 + 175*v**2 - 2238*v + 983. Calculate n(-187).
-139
Let z(t) = 3916*t - 11737. What is z(3)?
11
Let v(a) = a**2 + 126413*a + 1264027. Give v(-10).
-3
Let f(z) = 2232*z + 24896. Calculate f(-11).
344
Let t(y) = -3507*y + 3030050. Calculate t(864).
2
Let a(r) = -r**3 - 18*r**2 + 220*r + 1241. Give a(-6).
-511
Let u(i) = -69*i**2 - 14765*i + 213. Give u(-214).
-1
Let u(x) = 1333*x + 24493. Calculate u(-17).
1832
Let b(h) = 253*h**2 - 2120*h - 18. Calculate b(8).
-786
Let m(v) = -v**2 + 216894*v - 650679. What is m(3)?
-6
Let z(u) = 280*u + 58786. Calculate z(-210).
-14
Let x(z) = -z**3 + 12*z**2 - 17*z - 145. Calculate x(15).
-1075
Let a(w) = 82*w**2 + 2760*w + 1756. Determine a(-33).
-26
Let q(j) = j**2 - 23*j + 140. What is q(13)?
10
Let c(n) = -n**2 - 2437*n + 48856. What is c(20)?
-284
Let s(c) = 114*c**2 + 631*c + 24. Calculate s(-10).
5114
Let q(o) = -193*o + 12858. Calculate q(64).
506
Let c(o) = o**2 + 476*o - 1122747. What is c(848)?
5
Let v(a) = -1434*a - 13626. Calculate v(-10).
714
Let u(a) = 3*a**3 - 388*a**2 + 222*a - 12095. Calculate u(129).
-98
Let l(c) = -3*c - 134. Calculate l(42).
-260
Let r(c) = -906*c - 28926. What is r(-32)?
66
Let r(c) = c**3 + 157*c**2 + 178*c + 3501. Calculate r(-156).
69
Let l(j) = -561*j - 122903. Determine l(-218).
-605
Let w(u) = 1086*u - 203085. Determine w(187).
-3
Let z(l) = -l**3 - 38*l**2 - 82*l - 747. Determine z(-35).
-1552
Let n(t) = 3*t**3 + 63*t**2 - 62*t + 116. Calculate n(-22).
28
Let d(q) = 2*q**3 + 13*q**2 - 3025*q - 18177. What is d(-6)?
9
Let x(h) = -h**3 - 31*h**2 - 192*h - 204. Calculate x(-23).
-20
Let o(i) = -i**3 - 289*i**2 + 3924*i - 620. Calculate o(-302).
-16
Let v(n) = -n**2 - 149*n + 2997. Give v(20).
-383
Let l(t) = -26*t**3 - 63*t**2 + 4275*t + 8594. What is l(-2)?
0
Let d(a) = -378776*a - 1893858. Give d(-5).
22
Let a(u) = 4654*u - 1261297. Calculate a(271).
-63
Let m(i) = 1822*i + 80188. Give m(-44).
20
Let q(w) = 2*w**2 - 770*w + 63153. Calculate q(267).
141
Let v(n) = 2*n**3 - 90*n**2 + 465*n + 120. What is v(39)?
3
Let p(w) = -1265*w**2 + 1325*w + 2. Calculate p(1).
62
Let u(s) = 25*s**3 - 16*s**2 + 27*s + 1. Calculate u(2).
191
Let u(t) = 2604*t**2 + 49480*t + 70. Determine u(-19).
-6
Let v(p) = 2*p**2 + 70*p - 2224. What is v(-55)?
-24
Let j(m) = 3069*m + 5693. Give j(-2).
-445
Let n(g) = -167*g**3 + 2*g**2 - 40*g + 35. What is n(1)?
-170
Let s(r) = 2306*r + 2114619. What is s(-917)?
17
Let t(g) = -254*g**2 + 979*g + 89. Calculate t(4).
-59
Let u(v) = 17926*v + 1380285. Determine u(-77).
-17
Let b(t) = -147*t**2 - 34532*t + 3059. Give b(-235).
4
Let f(s) = -2*s**2 - 4213*s - 557924. Give f(-142).
-6
Let i(z) = 72*z**2 + 1284*z - 4792. What is i(-21)?
-4
Let s(k) = -2*k**3 + k**2 + 22*k + 47. Determine s(-3).
44
Let r(h) = 20*h**2 + 361*h - 62. Calculate r(-15).
-977
Let p(q) = -q**2 - 1428611*q - 28571828. Give p(-20).
-8
Let o(u) = u**3 + 182*u**2 + 2803*u - 2658. Give o(-18).
24
Let f(q) = -347*q - 23614. What is f(-56)?
-4182
Let f(i) = -7*i**2 - 991*i + 5142. What is f(5)?
12
Let w(j) = 585*j - 1491. Give w(2).
-321
Let g(o) = 615*o**2 + 6161*o + 79. Give g(-10).
-31
Let a(j) = -9584*j - 162921. Determine a(-17).
7
Let r(n) = 2605*n**2 - 513188*n + 588. Give r(197).
-3
Let t(q) = q**3 + 240*q**2 - 8458*q - 7862. Determine t(32).
10
Let u(g) = g**2 - 12*g - 1050. What is u(44)?
358
Let g(z) = 10666*z - 6058263. Calculate g(568).
25
Let p(s) = -s**3 + 30*s**2 - 133*s + 194. Determine p(25).
-6
Let w(h) = -8*h**2 + 5*h + 2265. Determine w(20).
-835
Let r(u) = -64*u**3 - 20*u**2 - 62*u - 36. Determine r(-2).
520
Let q(z) = 99*z + 11980. Calculate q(-118).
298
Let b(h) = -268*h**2 + 2707*h + 2704. Calculate b(-1).
-271
Let j(h) = 2*h**3 - 146*h**2 - 285*h + 138. What is j(75)?
1263
Let u(x) = 9*x**2 - 185*x - 181. Calculate u(22).
105
Let l(d) = -90439*d - 1899082. What is l(-21)?
137
Let j(p) = 3962*p + 30620. Give j(-8).
-1076
Let x(u) = -2*u**2 - 28*u + 46. Give x(-43).
-2448
Let j(z) = 6*z**2 - 408*z + 3820. Calculate j(12).
-212
Let u(l) = 2327*l + 144271. What is u(-62)?
-3
Let s(c) = -10427*c - 104229. What is s(-10)?
41
Let j(s) = -23*s**2 + 167*s + 168. Determine j(-1).
-22
Let o(s) = 3*s**3 - 103*s**2 + 230*s - 27. Determine o(32).
165
Let u(l) = 7*l**2 + 214*l + 247. What is u(-37)?
1912
Let s(r) = r**2 - 336*r - 14612. What is s(-39)?
13
Let y(j) = 1565*j + 323908. Give y(-207).
-47
Let d(r) = -142977*r + 285959. What is d(2)?
5
Let o(i) = 38328*i + 3794466. Determine o(-99).
-6
Let k(m) = -14858*m - 74291. What is k(-5)?
-1
Let y(s) = 101*s + 12800. What is y(-86)?
4114
Let a(w) = -256537*w + 1282689. Calculate a(5).
4
Let a(c) = 10731*c - 321921. Calculate a(30).
9
Let s(m) = -230*m**2 + 16097*m + 233. What is s(70)?
23
Let t(k) = -5*k**3 + 13*k**2 - 1204*k + 8077. Calculate t(7).
-1429
Let i(j) = -j**3 + 165*j**2 - 2080*j + 204797. What is i(160)?
-3
Let y(o) = 717*o - 121892. Calculate y(170).
-2
Let u(q) = 9*q**2 - 385*q + 143. Determine u(45).
1043
Let r(n) = -33*n**2 + 21590*n + 65065. Give r(-3).
-2
Let i(b) = 13*b**3 + 41*b**2 - 13*b + 2. Determine i(-4).
-122
Let x(g) = g**3 + 147*g**2 + 581*g + 955. Determine x(-143).
-332
Let h(w) = 65*w**2 + 1312*w - 880. Calculate h(-21).
233
Let b(j) = j**3 - 12*j**2 - 126*j + 1050. Give b(16).
58
Let t(j) = -j**2 + 74*j + 665. What is t(83)?
-82
Let p(w) = w**3 - 345*w**2 - 3181*w - 1773. Give p(354).
-3
Let r(p) = 48824*p + 97649. Give r(-2).
1
Let d(t) = 7918*t + 1171827. Give d(-148).
-37
Let o(a) = 1996*a + 1488. Determine o(0).
1488
Let f(y) = -9*y**2 + 789*y - 15751. What is f(57)?
-19
Let o(n) = -92*n - 33950. Determine o(-369).
-2
Let f(b) = 2*b**2 - 724*b + 22884. Determine f(327).
-6
Let r(a) = -1006*a + 90498. Calculate r(90).
-42
Let k(q) = -22*q**3 - 3*q**2 - 156*q - 410. What is k(-3)?
625
Let p(s) = 1858*s + 19438. Calculate p(-12).
-2858
Let c(v) = -4*v**3 + 7*v**2 - 15*v + 12. What is c(2)?
-22
Let d(f) = -13221*f + 158595. Determine d(12).
-57
Let b(h) = -12676*h**2 + 38026*h - 5. Give b(3).
-11
Let t(l) = -34*l**2 + 9*l + 91. Calculate t(3).
-188
Let c(v) = 3253*v**2 - 107347*v - 57. Determine c(33).
9
Let g(d) = 28*d**2 + 335*d - 56. What is g(0)?
-56
Let w(a) = 6*a**3 - 160*a**2 - 12*a + 29. What is w(27)?
1163
Let x(c) = 1483*c + 66734. Calculate x(-45).
-1
Let u(n) = 439*n - 6834. Determine u(16).
190
Let r(w) = 8*w**3 + 175*w**2 + 171*w + 1. What is r(-1)?
-3
Let g(c) = -115*c**2 - 3346*c - 203. What is g(-29)?
116
Let v(l) = -31037*l - 2203624. Determine v(-71).
3
Let d(l) = -l**3 + l**2 + 818*l + 280. Calculate d(0).
280
Let n(z) = 137*z**2 - 56447*z + 1191. Calculate n(412).
-45
Let a(d) = -11756*d - 23652. Determine a(-2).
-140
Let m(a) = -173*a + 1883. What is m(11)?
-20
Let h(t) = 5*t**3 + 46*t**2 + 28*t - 68. Calculate h(-8).
92
Let x(a) = a**3 + 